5
Let l(q) = 4*q**2 + 132*q. Determine l(-33).
0
Let h(o) = o**3 - 13*o**2 + 111. Calculate h(12).
-33
Let y(w) = -3*w**3 - 10*w**2 + 12*w + 44. Determine y(-7).
499
Let t(h) = -4*h**2 - 301*h + 4865. What is t(-89)?
-30
Let g(q) = -375*q + 8251. Calculate g(22).
1
Let r(x) = -75*x**2 - 3*x - 1. What is r(1)?
-79
Let s(p) = p**2 + 433*p + 871. Calculate s(-2).
9
Let i(m) = m**3 + 4*m**2 - 9*m - 32. Determine i(-5).
-12
Let l(t) = -t**3 + 2*t**2 - 33*t - 365. Give l(0).
-365
Let k(y) = y**2 - 41*y + 33. What is k(42)?
75
Let w(q) = 6*q**2 + 171*q - 119. Calculate w(-30).
151
Let l(p) = -7*p**3 - 11*p**2 + 3*p + 13. Give l(-1).
6
Let l(v) = -9*v**2 + 251*v - 26. Determine l(28).
-54
Let u(g) = -22*g + 972. What is u(45)?
-18
Let q(j) = -615*j + 13522. What is q(22)?
-8
Let o(t) = -2*t**3 + 82*t**2 + 1406*t - 112. Calculate o(54).
-4
Let t(l) = -l**3 - 11*l**2 + 46*l + 3. What is t(-14)?
-53
Let l(v) = 6*v**2 + 88*v + 65. Calculate l(-19).
559
Let m(i) = i**2 + 75*i + 996. Give m(-57).
-30
Let l(p) = -76*p + 198. What is l(3)?
-30
Let y(a) = -a**2 + 21*a - 97. Give y(9).
11
Let g(j) = -j**3 - 14*j**2 - 39*j - 9. Calculate g(-11).
57
Let h(w) = -w**3 - 17*w**2 + w - 234. Calculate h(-18).
72
Let l(s) = -s**3 + 2*s**2 - 19*s - 28. Calculate l(-3).
74
Let a(q) = -q**3 - 28*q**2 + 2*q + 16. Determine a(-28).
-40
Let n(m) = 169*m - 585. Give n(3).
-78
Let q(a) = a**3 - 3*a**2 - 2*a + 7. Calculate q(-3).
-41
Let u(p) = -3*p**2 - 58*p + 124. Calculate u(2).
-4
Let l(x) = 80*x - 21. Determine l(2).
139
Let j(f) = -f**2 - 16*f + 254. Calculate j(-27).
-43
Let o(s) = -38*s + 844. Calculate o(27).
-182
Let c(l) = -l**2 - 98*l - 930. Calculate c(-79).
571
Let i(z) = 34*z**2 - 116*z - 2. Give i(3).
-44
Let r(g) = g**3 + 22*g**2 - 42*g + 180. What is r(-24)?
36
Let k(n) = -79*n + 1048. What is k(19)?
-453
Let z(d) = -222*d - 461. Give z(-2).
-17
Let p(g) = 4*g**3 + 15*g**2 - 21*g - 63. Determine p(-4).
5
Let g(f) = -f**3 + 17*f**2 - 19*f + 1. What is g(14)?
323
Let i(g) = g**3 + 6*g**2 - 9*g - 23. What is i(-7)?
-9
Let k(y) = -y**3 + 11*y**2 - 568*y + 4938. What is k(9)?
-12
Let b(c) = -c**3 - 8*c**2 - 308*c - 2459. Give b(-8).
5
Let i(x) = -168*x - 590. Give i(-4).
82
Let x(o) = -o**3 + 6*o**2 + 25*o - 124. Determine x(7).
2
Let m(c) = -60*c - 1136. Determine m(-18).
-56
Let y(h) = -3*h**3 - 2*h**2 + 5*h + 81. Give y(0).
81
Let r(q) = 11*q**3 + 207*q**2 - 37*q + 24. Give r(-19).
5
Let m(w) = -w**3 - 2*w**2 - 3*w - 52. Determine m(0).
-52
Let z(r) = -779*r**2 - 69332*r - 94. Calculate z(-89).
-5
Let c(m) = 6843*m + 6829. What is c(-1)?
-14
Let w(t) = 374*t - 13122. Calculate w(35).
-32
Let r(z) = -z**3 + 27*z**2 - 95*z + 56. What is r(23)?
-13
Let b(p) = -p**2 + 62*p - 29. What is b(62)?
-29
Let s(h) = -h**3 - 67*h**2 + 286*h + 147. Determine s(-71).
5
Let a(b) = -17*b - 1407. Determine a(-70).
-217
Let w(b) = -165*b - 998. Calculate w(-6).
-8
Let g(d) = -100*d**3 + 16*d**2 + 17*d + 1. Give g(-1).
100
Let h(x) = x**2 - 18*x + 132. Calculate h(10).
52
Let z(r) = -r**3 - 6*r**2 + 297*r + 2246. Give z(-8).
-2
Let h(t) = 227*t**2 + 1586*t - 14. Give h(-7).
7
Let h(n) = 12*n - 35. What is h(30)?
325
Let k(l) = -3846*l - 11544. Determine k(-3).
-6
Let n(m) = 142*m - 16699. Give n(118).
57
Let j(s) = -2*s**3 - 5*s**2 + 5*s + 3. Calculate j(-3).
-3
Let t(g) = g**3 + 6*g**2 - 10*g - 82. Determine t(-5).
-7
Let a(o) = -3*o**2 - 49*o + 231. What is a(-23)?
-229
Let z(v) = -32*v - 508. What is z(-16)?
4
Let k(t) = 33*t**2 + 6*t - 5. What is k(-2)?
115
Let m(p) = p**3 - 10*p**2 - 14*p + 223. Give m(8).
-17
Let o(z) = -8*z**2 - 64*z - 241. What is o(-11)?
-505
Let a(j) = -j**3 + 6*j**2 - 14*j + 16. What is a(5)?
-29
Let p(a) = -2*a**3 + 24*a**2 - 39*a + 449. Determine p(12).
-19
Let c(j) = -10630*j + 7. Calculate c(0).
7
Let d(a) = -5*a**2 + 72*a + 32. Give d(15).
-13
Let f(q) = -1184*q - 63934. What is f(-54)?
2
Let d(r) = r**3 + 28*r**2 - 5279*r - 60. Determine d(60).
0
Let j(f) = f**2 - 18*f + 344. Give j(11).
267
Let y(q) = q**3 - 9*q**2 + 14*q - 36. What is y(8)?
12
Let v(k) = -252*k - 4536. Give v(-18).
0
Let g(u) = -2*u**3 - 56*u**2 - 55*u - 21. What is g(-27)?
6
Let g(k) = -k**3 + 2*k**2 + 30*k - 88. Calculate g(3).
-7
Let k(l) = l**3 - 10*l**2 - 55*l + 3. Give k(13).
-205
Let i(t) = t**2 + 22*t + 5. Calculate i(-19).
-52
Let a(x) = 2*x**3 + 67*x**2 - 105*x + 20. What is a(-35)?
20
Let l(p) = p**3 + 29*p**2 + 182*p - 415. What is l(-16)?
1
Let s(x) = -x**3 + 11*x**2 + 152*x + 24. Determine s(19).
24
Let z(f) = 712*f + 2142. Determine z(-3).
6
Let o(k) = 2*k**2 + 155*k + 2798. What is o(-29)?
-15
Let k(s) = -82*s - 4655. What is k(-57)?
19
Let v(l) = 4*l**2 + 59*l + 118. Calculate v(-11).
-47
Let a(y) = -2*y**3 - 52*y**2 - 15*y + 107. Determine a(-25).
-768
Let w(q) = -q - 265. What is w(63)?
-328
Let p(q) = -2*q + 258. Give p(131).
-4
Let p(n) = -947*n - 1891. Calculate p(-2).
3
Let s(v) = -v**3 + 39*v**2 + 162*v - 4887. Determine s(40).
-7
Let t(l) = 127*l - 534. Give t(4).
-26
Let u(x) = 83*x + 1242. What is u(-15)?
-3
Let o(a) = 129*a + 910. Determine o(-6).
136
Let x(n) = -2*n**2 - 57*n + 327. Determine x(-32).
103
Let x(d) = 3*d**3 + 145*d**2 + 30*d - 936. Calculate x(-48).
-72
Let p(u) = u**3 + 20*u**2 + 114*u + 2285. Give p(-20).
5
Let c(l) = -3*l**2 + 39*l + 194. What is c(-4)?
-10
Let r(v) = 37*v + 1343. Calculate r(-37).
-26
Let d(f) = 11*f**2 - 93*f - 536. Calculate d(-4).
12
Let a(q) = -q**3 - 17*q**2 + 45*q + 43. What is a(-19)?
-90
Let o(v) = 2*v**2 - 149*v - 4245. Give o(-22).
1
Let p(m) = m**2 + 125*m - 1078. Give p(8).
-14
Let i(h) = 1173*h + 35262. Give i(-30).
72
Let d(l) = 112*l**3 - 9*l**2 - 2*l - 1. Give d(1).
100
Let q(c) = -170*c + 8614. Give q(51).
-56
Let u(f) = -2*f**2 - 50*f + 436. Determine u(-31).
64
Let q(g) = 611*g - 1225. Calculate q(2).
-3
Let j(c) = 4*c**2 - 78*c + 111. What is j(19)?
73
Let f(m) = 2*m**3 - 21*m**2 + 8*m. Give f(10).
-20
Let r(b) = b**3 + 7*b**2 + 9*b - 5. Determine r(-3).
4
Let d(z) = -6*z + 63. Calculate d(-17).
165
Let h(i) = 6*i**2 + 720*i + 713. Determine h(-119).
-1
Let f(p) = -1901*p - 20901. Determine f(-11).
10
Let w(c) = -3*c**3 - 2*c**2 + 110*c - 5. Determine w(0).
-5
Let c(i) = -i**3 - 4*i**2 - 37*i - 35. Calculate c(-2).
31
Let f(w) = -w**2 + 12*w - 44. Give f(18).
-152
Let c(m) = -4*m - 561. Determine c(-19).
-485
Let r(n) = 2*n**3 + 139*n**2 + 1786*n + 19. What is r(-17)?
2
Let r(w) = 158*w - 488. Give r(3).
-14
Let t(p) = -52*p**2 + 16173*p - 307. What is t(311)?
4
Let w(s) = -s**3 + 41*s**2 - 25*s - 622. Calculate w(40).
-22
Let l(t) = t**3 + 15*t**2 + 21*t + 107. Calculate l(-6).
305
Let p(m) = -40*m - 173. Give p(-8).
147
Let k(o) = -8*o - 34. Determine k(-3).
-10
Let a(l) = -l**3 + 8*l**2 - 8*l - 2. Give a(6).
22
Let f(v) = -v**2 + 9*v + 8. Calculate f(-1).
-2
Let w(d) = 163*d + 9602. What is w(-59)?
-15
Let u(w) = w**2 - 61*w - 951. What is u(74)?
11
Let g(o) = 4*o**2 - 44*o - 113. Calculate g(21).
727
Let z(r) = 913*r + 31038. Calculate z(-34).
-4
Let w(b) = -b**3 - 68*b**2 - 72*b - 327. Determine w(-67).
8
Let c(u) = 7*u + 310. What is c(-57)?
-89
Let r(j) = 449*j + 8985. Give r(-20).
5
Let v(f) = -35*f**3 + 735*f**2 - 2*f + 49. Determine v(21).
7
Let p(r) = 2*r**3 + 46*r**2 + 95*r + 13. What is p(-2)?
-9
Let x(d) = d**3 + 11*d**2 + 23*d - 30. Calculate x(-9).
-75
Let a(q) = 32*q - 140. Give a(6).
52
Let t(q) = 4*q**3 - 317*q**2 + 78*q + 130. Give t(79).
51
Let a(i) = -2*i**2 - 83*i - 558. Give a(-7).
-75
Let a(q) = 22*q - 255. What is a(16)?
97
Let y(p) = -3*p**3 + 19*p**2 - 5*p + 103. What is y(7)?
-30
Let l(x) = -3*x**3 + 21*x**2 - 9*x - 13. Give l(3).
68
Let o(x) = x**3 + 8*x**2 + 13*x + 17. Give o(-8).
-87
Let a(g) = -g**3 + 21*g**2 - 111*g - 7. Determine a(13).
-98
Let w(l) = 5*l**2 + 9*l - 74. What is w(-8)?
174
Let l(g) = g**2 + 2*g - 53. What is l(11)?
90
Let j(z) = 95*z - 1164. What is j(12)?
-24
Let n(r) = r**2 + 7*r + 14. Calculate n(-2).
4
Let o(x) = -40*x**2 - 2*x + 3. What is o(1)?
-39
Let r(q) = 68*q + 125. What is r(-2)?
-11
Let z(m) = 19*m - 107. Determine z(6).
7
Let k(z) = 2*z**2 + 31*z + 56. Give k(-14).
14
Let c(i) = -15*i + 69. Determine c(13).
-126
Let w(d) = -446*d + 2215. Determine w(5).
-15
Let c(r) = 71*r - 908. Give c(14).
86
Let v(c) = -c**3 - 11*c**2 - 37*c